{"id":75,"date":"2018-01-16T21:21:42","date_gmt":"2018-01-16T21:21:42","guid":{"rendered":"http:\/\/clairon.ch\/?page_id=75"},"modified":"2019-11-23T23:30:46","modified_gmt":"2019-11-23T23:30:46","slug":"vereinsreise-2012","status":"publish","type":"page","link":"http:\/\/clairon.ch\/?page_id=75","title":{"rendered":"Vereinsausflug 2012"},"content":{"rendered":"\n<p>Bei besten \u00e4usseren Bedingungen fand die diesj\u00e4hrige Clairon-Reise statt. Selten war es im Sommer an einem Wochenende so herrlich sch\u00f6n und heiss wie am 18. und 19. August 2012. Die Reise begann am Bahnhof Muri zu fr\u00fcher Stunde (09:45 Uhr). Die M\u00fcdigkeit war dem einen oder anderen noch etwas ins Gesicht geschrieben, aber schon bald stieg in munterer Runde die Stimmung. Mit dem Zug ging es via Lenzburg, Z\u00fcrich, Gossau in knapp drei Stunden nach Appenzell. Rasch liessen wir die wenigen hundert Meter zu Fuss hinter uns bis zum ersten, grossen Programm-Highlight: Eine spannende Besichtigung der Appenzeller Alpenbitter. Frau Forrer f\u00fchrte uns durch die Industriehallen der Brennerei und die Geheimnisse des Alpenbitters. Mit ganzen 42 Kr\u00e4utern wird er hergestellt, Werbung ist schon lange verboten und man trinkt ihn kalt! Aber auch andere Leckereien wie zum Beispiel Buddel Willi oder Knobler werden durch die Brennerei vertrieben. Nach der ausgiebigen Degustation an der Alpenbitter-Bar deckten wir uns mit dem n\u00f6tigen Proviant f\u00fcr die weitere Reise ein.<\/p>\n\n\n\n<p>Anschliessend folgte eine kleine Besichtigung des Ortes, einem k\u00fchlen Blonden auf dem Landsgemeindeplatz und einer kurzen Stippvisite bei der Brauerei Locher. Mit dem Zug ging es weiter nach Wasserauen, wo uns die Seilbahn hoch \u00fcber eine steile Felswand zur Ebenalp f\u00fchrte. Was f\u00fcr ein Panorama erwartete die Clairongarde: Alpstein, Hoher Kasten, Bodensee und weit ins Mittelland waren unter dem wolkenlosen Himmel sichtbar. Bis zum Sonnenuntergang genossen wir die herrliche Aussicht auf der Gartenterrasse der Ebenalp. Die Nacht verbrachte die Clairongarde in einem kleinen Schlag direkt unter dem First der H\u00fctte. Dank der St\u00e4rkung durch den Buddel Willi fanden bald alle Gardisten ihren verdienten Schlaf.<\/p>\n\n\n\n<p>Am Sonntag war wandern angesagt. \u00dcber die bekannte Einsiedlerkapelle Wildkirchli ging es in wenigen Stunden zum Seealpseeli. Im Berggasthaus Forelle (Fam. Fritsche) gab es eine kurze St\u00e4rkung. Danach fanden einige eine Abk\u00fchlung im k\u00fchlen Wasser des Sees und nochmals eine St\u00e4rkung im Berggasthaus Seealpsee. Zum Gl\u00fcck gibt es im Appenzellerland alle f\u00fcnf Gehminuten eine Beiz. Nun folgte ein weiterer Abstieg wieder zur\u00fcck nach Wasserauen. Dieser Weg f\u00fchrte an unz\u00e4hligen Hupentieren vorbei, die einige Gardisten trotz aufgestellten Verbotsschildern versuchten zu f\u00fcttern und melken. Im Anschluss fanden wir uns wieder in der Appenzellerbahn, die uns behutsam wieder ins Tal und nach Hause f\u00fchrte.<\/p>\n\n\n\n<p>Viele Gardisten waren \u00fcberrascht, wie sch\u00f6n und herzlich das Appenzellerland ist. Man sollte es bestimmt noch oft besuchen. Also bis zum n\u00e4chsten Mal.<\/p>\n\n\n\n[ngg src=&#8220;galleries&#8220; ids=&#8220;20&#8243; display=&#8220;basic_thumbnail&#8220; thumbnail_crop=&#8220;0&#8243;]\n","protected":false},"excerpt":{"rendered":"<p>Bei besten \u00e4usseren Bedingungen fand die diesj\u00e4hrige Clairon-Reise statt. Selten war es im Sommer an einem Wochenende so herrlich sch\u00f6n und heiss wie am 18. und 19. August 2012. Die Reise begann am Bahnhof Muri zu fr\u00fcher Stunde (09:45 Uhr). Die M\u00fcdigkeit war dem einen oder anderen noch etwas ins Gesicht geschrieben, aber schon bald [&hellip;]<\/p>\n","protected":false},"author":1,"featured_media":0,"parent":17,"menu_order":0,"comment_status":"closed","ping_status":"closed","template":"","meta":[],"_links":{"self":[{"href":"http:\/\/clairon.ch\/index.php?rest_route=\/wp\/v2\/pages\/75"}],"collection":[{"href":"http:\/\/clairon.ch\/index.php?rest_route=\/wp\/v2\/pages"}],"about":[{"href":"http:\/\/clairon.ch\/index.php?rest_route=\/wp\/v2\/types\/page"}],"author":[{"embeddable":true,"href":"http:\/\/clairon.ch\/index.php?rest_route=\/wp\/v2\/users\/1"}],"replies":[{"embeddable":true,"href":"http:\/\/clairon.ch\/index.php?rest_route=%2Fwp%2Fv2%2Fcomments&post=75"}],"version-history":[{"count":10,"href":"http:\/\/clairon.ch\/index.php?rest_route=\/wp\/v2\/pages\/75\/revisions"}],"predecessor-version":[{"id":903,"href":"http:\/\/clairon.ch\/index.php?rest_route=\/wp\/v2\/pages\/75\/revisions\/903"}],"up":[{"embeddable":true,"href":"http:\/\/clairon.ch\/index.php?rest_route=\/wp\/v2\/pages\/17"}],"wp:attachment":[{"href":"http:\/\/clairon.ch\/index.php?rest_route=%2Fwp%2Fv2%2Fmedia&parent=75"}],"curies":[{"name":"wp","href":"https:\/\/api.w.org\/{rel}","templated":true}]}}