{"id":17,"date":"2017-06-22T20:43:57","date_gmt":"2017-06-22T20:43:57","guid":{"rendered":"http:\/\/clairon.ch\/?page_id=17"},"modified":"2019-11-22T22:58:29","modified_gmt":"2019-11-22T22:58:29","slug":"berichte-und-bilder","status":"publish","type":"page","link":"http:\/\/clairon.ch\/?page_id=17","title":{"rendered":"Berichte und Bilder"},"content":{"rendered":"\n<p>Hier k\u00f6nnt ihr Fotos einiger unserer Anl\u00e4sse entdecken.<\/p>\n\n\n\n<div style=\"height:50px\" aria-hidden=\"true\" class=\"wp-block-spacer\"><\/div>\n\n\n\n<p><strong>Impressionen von vergangenen Nationalen Clairongardetreffen:<\/strong><\/p>\n\n\n\n<p><a href=\"http:\/\/clairon.ch\/?page_id=6\"><span class=\"item-title\">NCGT 2008 in Muri<\/span><\/a><\/p>\n\n\n\n<p><a href=\"http:\/\/clairon.ch\/?page_id=92\">NCGT 2017 in Schaffhausen<\/a><\/p>\n\n\n\n<div style=\"height:50px\" aria-hidden=\"true\" class=\"wp-block-spacer\"><\/div>\n\n\n\n<p><strong>Fotos von Vereinsausfl\u00fcgen:<\/strong><\/p>\n\n\n\n<p><a href=\"http:\/\/clairon.ch\/?page_id=73\">Vereinsausflug 2006<\/a><\/p>\n\n\n\n<p><a href=\"http:\/\/clairon.ch\/?page_id=75\">Vereinsausflug 2012<\/a><\/p>\n\n\n\n<p><a href=\"http:\/\/clairon.ch\/?page_id=71\">Vereinsausflug 2013<\/a><\/p>\n\n\n\n<p><a href=\"http:\/\/clairon.ch\/?page_id=69\">Vereinsausflug 2014<\/a><\/p>\n\n\n\n<p><a href=\"http:\/\/clairon.ch\/?page_id=482\">Vereinsausflug 2018<\/a><\/p>\n\n\n\n<div style=\"height:50px\" aria-hidden=\"true\" class=\"wp-block-spacer\"><\/div>\n\n\n\n<p><strong>Verschiedene Anl\u00e4sse:<\/strong><\/p>\n\n\n\n<p><a href=\"http:\/\/clairon.ch\/?page_id=561\">Auftritt am Jugendfest 2018 in der Badi Muri<\/a><\/p>\n\n\n\n<p><a href=\"http:\/\/clairon.ch\/?page_id=120\">Auftritt am R\u00fcedu-F\u00e4scht 2012<\/a><\/p>\n\n\n\n<p><a href=\"http:\/\/clairon.ch\/?page_id=78\">Chlaush\u00f6ck 2012<\/a><\/p>\n\n\n\n<p><a href=\"http:\/\/clairon.ch\/?page_id=434\">Chlaush\u00f6ck 2017<\/a><\/p>\n\n\n\n<p><a href=\"http:\/\/clairon.ch\/?page_id=414\">Probetag 2018<\/a><\/p>\n","protected":false},"excerpt":{"rendered":"<p>Hier k\u00f6nnt ihr Fotos einiger unserer Anl\u00e4sse entdecken. Impressionen von vergangenen Nationalen Clairongardetreffen: NCGT 2008 in Muri NCGT 2017 in Schaffhausen Fotos von Vereinsausfl\u00fcgen: Vereinsausflug 2006 Vereinsausflug 2012 Vereinsausflug 2013 Vereinsausflug 2014 Vereinsausflug 2018 Verschiedene Anl\u00e4sse: Auftritt am Jugendfest 2018 in der Badi Muri Auftritt am R\u00fcedu-F\u00e4scht 2012 Chlaush\u00f6ck 2012 Chlaush\u00f6ck 2017 Probetag 2018<\/p>\n","protected":false},"author":1,"featured_media":0,"parent":0,"menu_order":3,"comment_status":"closed","ping_status":"closed","template":"","meta":[],"_links":{"self":[{"href":"http:\/\/clairon.ch\/index.php?rest_route=\/wp\/v2\/pages\/17"}],"collection":[{"href":"http:\/\/clairon.ch\/index.php?rest_route=\/wp\/v2\/pages"}],"about":[{"href":"http:\/\/clairon.ch\/index.php?rest_route=\/wp\/v2\/types\/page"}],"author":[{"embeddable":true,"href":"http:\/\/clairon.ch\/index.php?rest_route=\/wp\/v2\/users\/1"}],"replies":[{"embeddable":true,"href":"http:\/\/clairon.ch\/index.php?rest_route=%2Fwp%2Fv2%2Fcomments&post=17"}],"version-history":[{"count":8,"href":"http:\/\/clairon.ch\/index.php?rest_route=\/wp\/v2\/pages\/17\/revisions"}],"predecessor-version":[{"id":640,"href":"http:\/\/clairon.ch\/index.php?rest_route=\/wp\/v2\/pages\/17\/revisions\/640"}],"wp:attachment":[{"href":"http:\/\/clairon.ch\/index.php?rest_route=%2Fwp%2Fv2%2Fmedia&parent=17"}],"curies":[{"name":"wp","href":"https:\/\/api.w.org\/{rel}","templated":true}]}}