{"id":13,"date":"2017-06-25T17:13:43","date_gmt":"2017-06-25T17:13:43","guid":{"rendered":"http:\/\/clairon.ch\/?page_id=13"},"modified":"2017-06-25T17:14:31","modified_gmt":"2017-06-25T17:14:31","slug":"geschichte-clairongarde-muri","status":"publish","type":"page","link":"http:\/\/clairon.ch\/?page_id=13","title":{"rendered":"Geschichte Clairongarde Muri"},"content":{"rendered":"<p><strong><span class=\"titel\">Hintergr\u00fcnde zum Clairon in Muri<\/span><\/strong><br \/>\nDie Clairongarde Muri hat eine enge Geschicht mit der Jungwacht Muri. Bei vielen Scharen sind die Garde und die Jungwacht ein Verein. Nicht So in Muri. Wir haben uns vor langer langer zeit (das m\u00fcsste so in Grossvaters Zeiten gewesen sein) von der Jungwacht herausgel\u00f6st und einen eigenen Verein gebildet. Der Mitgliederbestand \u2014 Momentan z\u00e4hlen wir rund 30 Mitglieder \u2014 besteht vorwiegend aus ehemaligen Jungw\u00e4chtlern (so quasi als Sammelbecken der alten hasen). Der Kontakt zur Jungwacht ist nat\u00fcrlich nicht verloren gegangen. Er wird noch rege aufrecht gehalten mit aktiven Leitern und einigen Kindern, die am Vereinsleben der Garde mitwirken.<\/p>\n<p>Neben den musikalischen Aspekten, kommt bei uns die Geselligkeit nat\u00fcrlich auch nicht zu kurz. Wir proben jeden Mittwoch Abend, um nicht aus der \u00dcbung zu fallen. An unseren Auftritten (Hochzeiten, Geburtstage, JUBLA, Einweihungen&#8230;) spielen wir meist 3-4 M\u00e4rsche.<\/p>\n<p>&nbsp;<\/p>\n<p><strong><span class=\"titel\">Was und wie spielen wir?<\/span><\/strong><br \/>\nDas Clairon ist eine Trompete ohne Kn\u00f6pfe. Die Tonh\u00f6he wird alleine mit dem Lippendruck bestimmt. Es sind 5\u20137 T\u00f6ne m\u00f6glich. Neben dem Clairon gibt es auch noch Fanfaren, Waldh\u00f6rner, und Bassclairon. F\u00fcr den Rhythmus sorgen Pauke, Trommel und Tschinelle.<\/p>\n","protected":false},"excerpt":{"rendered":"<p>Hintergr\u00fcnde zum Clairon in Muri Die Clairongarde Muri hat eine enge Geschicht mit der Jungwacht Muri. Bei vielen Scharen sind die Garde und die Jungwacht ein Verein. Nicht So in Muri. Wir haben uns vor langer langer zeit (das m\u00fcsste so in Grossvaters Zeiten gewesen sein) von der Jungwacht herausgel\u00f6st und einen eigenen Verein gebildet. [&hellip;]<\/p>\n","protected":false},"author":1,"featured_media":0,"parent":23,"menu_order":1,"comment_status":"closed","ping_status":"closed","template":"","meta":[],"_links":{"self":[{"href":"http:\/\/clairon.ch\/index.php?rest_route=\/wp\/v2\/pages\/13"}],"collection":[{"href":"http:\/\/clairon.ch\/index.php?rest_route=\/wp\/v2\/pages"}],"about":[{"href":"http:\/\/clairon.ch\/index.php?rest_route=\/wp\/v2\/types\/page"}],"author":[{"embeddable":true,"href":"http:\/\/clairon.ch\/index.php?rest_route=\/wp\/v2\/users\/1"}],"replies":[{"embeddable":true,"href":"http:\/\/clairon.ch\/index.php?rest_route=%2Fwp%2Fv2%2Fcomments&post=13"}],"version-history":[{"count":2,"href":"http:\/\/clairon.ch\/index.php?rest_route=\/wp\/v2\/pages\/13\/revisions"}],"predecessor-version":[{"id":67,"href":"http:\/\/clairon.ch\/index.php?rest_route=\/wp\/v2\/pages\/13\/revisions\/67"}],"up":[{"embeddable":true,"href":"http:\/\/clairon.ch\/index.php?rest_route=\/wp\/v2\/pages\/23"}],"wp:attachment":[{"href":"http:\/\/clairon.ch\/index.php?rest_route=%2Fwp%2Fv2%2Fmedia&parent=13"}],"curies":[{"name":"wp","href":"https:\/\/api.w.org\/{rel}","templated":true}]}}